{"id":1219,"date":"2020-02-18T14:29:03","date_gmt":"2020-02-18T17:29:03","guid":{"rendered":"https:\/\/link2.com.br\/fgfm\/?page_id=1219"},"modified":"2025-05-31T10:41:11","modified_gmt":"2025-05-31T13:41:11","slug":"1-toque-cavado-campeonato-estadual-por-equipes","status":"publish","type":"page","link":"https:\/\/fgfm.com.br\/fgfm\/1-toque-cavado-campeonato-estadual-por-equipes\/","title":{"rendered":"1 toque cavado Campeonato Estadual por Equipes"},"content":{"rendered":"\t\t<div data-elementor-type=\"wp-post\" data-elementor-id=\"1219\" class=\"elementor elementor-1219\">\n\t\t\t\t\t\t<section class=\"elementor-section elementor-top-section elementor-element elementor-element-a61782e elementor-section-height-min-height elementor-section-content-middle elementor-section-stretched elementor-section-boxed elementor-section-height-default elementor-section-items-middle\" data-id=\"a61782e\" data-element_type=\"section\" data-settings=\"{&quot;background_background&quot;:&quot;classic&quot;,&quot;stretch_section&quot;:&quot;section-stretched&quot;}\">\n\t\t\t\t\t\t\t<div class=\"elementor-background-overlay\"><\/div>\n\t\t\t\t\t\t\t<div class=\"elementor-container elementor-column-gap-default\">\n\t\t\t\t\t<div class=\"elementor-column elementor-col-100 elementor-top-column elementor-element elementor-element-496e5251\" data-id=\"496e5251\" data-element_type=\"column\" data-settings=\"{&quot;background_background&quot;:&quot;classic&quot;}\">\n\t\t\t<div class=\"elementor-widget-wrap elementor-element-populated\">\n\t\t\t\t\t\t<div class=\"elementor-element elementor-element-0194fc6 elementor-widget elementor-widget-heading\" data-id=\"0194fc6\" data-element_type=\"widget\" data-widget_type=\"heading.default\">\n\t\t\t\t<div class=\"elementor-widget-container\">\n\t\t\t<h2 class=\"elementor-heading-title elementor-size-large\">Campeonato Estadual por Equipes<\/h2>\t\t<\/div>\n\t\t\t\t<\/div>\n\t\t\t\t<div class=\"elementor-element elementor-element-9ae2ede elementor-widget elementor-widget-heading\" data-id=\"9ae2ede\" data-element_type=\"widget\" data-widget_type=\"heading.default\">\n\t\t\t\t<div class=\"elementor-widget-container\">\n\t\t\t<h2 class=\"elementor-heading-title elementor-size-default\">Regra 1 Toque - Cavado<\/h2>\t\t<\/div>\n\t\t\t\t<\/div>\n\t\t\t\t\t<\/div>\n\t\t<\/div>\n\t\t\t\t\t<\/div>\n\t\t<\/section>\n\t\t\t\t<section class=\"elementor-section elementor-top-section elementor-element elementor-element-065ba25 elementor-section-boxed elementor-section-height-default elementor-section-height-default\" data-id=\"065ba25\" data-element_type=\"section\">\n\t\t\t\t\t\t<div class=\"elementor-container elementor-column-gap-default\">\n\t\t\t\t\t<div class=\"elementor-column elementor-col-33 elementor-top-column elementor-element elementor-element-d95b209\" data-id=\"d95b209\" data-element_type=\"column\">\n\t\t\t<div class=\"elementor-widget-wrap\">\n\t\t\t\t\t\t\t<\/div>\n\t\t<\/div>\n\t\t\t\t<div class=\"elementor-column elementor-col-33 elementor-top-column elementor-element elementor-element-97d9fa7\" data-id=\"97d9fa7\" data-element_type=\"column\">\n\t\t\t<div class=\"elementor-widget-wrap elementor-element-populated\">\n\t\t\t\t\t\t<div class=\"elementor-element elementor-element-2122cc1 elementor-widget elementor-widget-text-editor\" data-id=\"2122cc1\" data-element_type=\"widget\" data-widget_type=\"text-editor.default\">\n\t\t\t\t<div class=\"elementor-widget-container\">\n\t\t\t\t\t\t\t<p><strong>XXXIV\u2013 2025 \u2013 Pelotas\/RS \u2013 COP<\/strong><\/p><p><strong>CAMPE\u00c3O:<\/strong> AFUMERG(Cristian, Vav\u00e1, Sandro Nadyr e \u00cdndio)<\/p><p><strong>2\u00b0 LUGAR:<\/strong>\u00a0ARENA A GOL(Maur\u00edcio Rosa, Diego Luz, Kinka e Felipe Rosa)<\/p><p><strong>3\u00b0 LUGAR:<\/strong>\u00a0AFUMEPA(Rodrigo, Andr\u00e9, Pedro e Padilha)<\/p><p><strong>4\u00b0 LUGAR:<\/strong>\u00a0ACADEMIA(Bauer, Bill e Augusto)<\/p><p><strong>XXXIII\u2013 2024 \u2013 Porto Alegre\/RS \u2013 AFUMEPA<\/strong><\/p><p><strong>CAMPE\u00c3O:<\/strong> AFUMERG(Cristian, Vav\u00e1, Sandro Nadyr e Edu Buzina)<\/p><p><strong>2\u00b0 LUGAR:<\/strong> ARFM(S\u00edlvio, Timm, Chacrinha e Ademir)<\/p><p><strong>3\u00b0 LUGAR:<\/strong> AFUMEPA(Rodrigo, Felipe, Andr\u00e9 e Diogo)<\/p><p><strong>4\u00b0 LUGAR:<\/strong> APFM(Marquinho, Ochoinha e \u00cdtalo)<\/p><p><strong>XXXII\u2013 2023 \u2013 Porto Alegre\/RS \u2013 AFUMEPA<\/strong><\/p><p><strong>CAMPE\u00c3O:\u00a0<\/strong>COP(Luiz Rodalles, Carlinhos Reus, William Vergas, Cristian Tales)<\/p><p><strong>2\u00b0 LUGAR:\u00a0<\/strong>ARFM(S\u00edlvio, Timm, Chacrinha, Maisonave e Sarava)<\/p><p><strong>3\u00b0 LUGAR:\u00a0<\/strong>APFM(Marquinho, Joni, Imperador e Marcelinho)<\/p><p><strong>4\u00b0 LUGAR: <\/strong>AFUMEPA(Felipe, Diogo Mallet, Rodrigo, Gui e Elias)<\/p><p><span style=\"text-decoration: underline;\"><strong>XXXI\u2013 2022 \u2013 Pelotas\/RS \u2013 COP<\/strong><\/span><\/p><p><strong>CAMPE\u00c3O:<\/strong>\u00a0ARFM(S\u00edlvio, Timm, Michel e \u00c1ureo)<\/p><p><strong>2\u00b0 LUGAR:<\/strong>\u00a0AFUMERG (Diogo, \u00cdndio, Vav\u00e1 e Sandro)<\/p><p><strong>3\u00b0 LUGAR:<\/strong>\u00a0AFUMEPA(Felipe, Andr\u00e9, S.Ozorio e Caju)<\/p><p><strong>4\u00b0 LUGAR:<\/strong>\u00a0GOLD SOCCER (Jaires, Pitchon, Lucas.O, Waguinho)<\/p><p><strong><u>XXX &#8211; 2019 &#8211; Rio Grande\/RS &#8211; Arfm<br \/><\/u><\/strong><\/p><p><strong>CAMPE\u00c3O:<\/strong> AFUMERG<\/p><p><strong>2\u00b0 LUGAR:<\/strong> AFUMEPA (Andr\u00e9, Diogo, Leandrinho e Rodrigo)<\/p><p><strong>3\u00b0 LUGAR:<\/strong> POAFM<\/p><p><strong>4\u00b0 LUGAR:<\/strong> ACFM<\/p><p><strong><u>\u00a0<\/u><\/strong><\/p><p><strong><u>XXIX &#8211; 2018 &#8211; S\u00c3O LOUREN\u00c7O DO SUL (GEL)<\/u><\/strong><\/p><p><strong>CAMPE\u00c3O:<\/strong>\u00a0AFUMERG (\u00cdndio, Diogo, Vav\u00e1 e Terroso)<\/p><p><strong>2\u00b0 LUGAR:<\/strong>\u00a0AFUMEPA (Daniel, Diogo, Rodrigo e Andr\u00e9)<\/p><p><strong>3\u00b0 LUGAR:<\/strong>\u00a0COP (Joni, Willian, Marcos e Marcelo)<\/p><p><strong>4\u00b0 LUGAR:<\/strong>\u00a0ARFM ( Silvio, Garima, Ronir e Azevedo)<\/p><p><strong><u>\u00a0<\/u><\/strong><\/p><p><strong><u>XXVIII &#8211; 2017 &#8211; PELOTAS (COP)<\/u><\/strong><\/p><p><strong>CAMPE\u00c3O:<\/strong>\u00a0ARFM (Silvio, Garima, Azevedo e Leonardo)<\/p><p><strong>2\u00b0 LUGAR:<\/strong>\u00a0APFM (Aldyr, Saggiomo, Carlos e Rodalles)<\/p><p><strong>3\u00b0 LUGAR:<\/strong>\u00a0FRANZEN (Robin, Mano, Pufal e Le\u00e3o<\/p><p><strong>4\u00b0 LUGAR:<\/strong>\u00a0ACADEMIA (Augusto, Pedrinho, Pierobom e Vinhas)<\/p><p><strong><u>\u00a0<\/u><\/strong><\/p><p><strong><u>XXVII &#8211; 2016 &#8211; S\u00c3O LOUREN\u00c7O DO SUL (GEL)<\/u><\/strong><\/p><p><strong>CAMPE\u00c3O:<\/strong>\u00a0ARFM<\/p><p><strong>2\u00b0 LUGAR:<\/strong>\u00a0AFUMEPA<\/p><p><strong>3\u00b0 LUGAR:<\/strong>\u00a0AFUMERG<\/p><p><strong>4\u00b0 LUGAR:<\/strong>\u00a0COP<\/p><p><strong><u>\u00a0<\/u><\/strong><\/p><p><strong><u>XXVI &#8211; 2015 &#8211; Pelotas (COP)<\/u><\/strong><\/p><p><strong>CAMPE\u00c3O:<\/strong>\u00a0Afumepa (Felipe, Leandrinho, Diogo Mallet e Pedro)<\/p><p><strong>2\u00b0 LUGAR:<\/strong>\u00a0ARFM (Ademir, Jo\u00e3o, Ronir e Silvio)<\/p><p><strong>3\u00b0 LUGAR:<\/strong>\u00a0COP (Enilton, Marcelo Curi, Ochoinha e Marcelo Berteaux)<\/p><p><strong>4\u00b0 LUGAR:<\/strong>\u00a0GEL (Lobato, Alisson e Pitchon)<\/p><p><strong><u>\u00a0<\/u><\/strong><\/p><p><strong><u>XXV &#8211; 2014 &#8211; Rio Grande (AFUMERG)<\/u><\/strong><\/p><p><strong>CAMPE\u00c3O:<\/strong>\u00a0Franzen: (Diogo, Robin, Mallet, Thiago e Caju)<\/p><p><strong>2\u00b0 LUGAR:<\/strong>\u00a0ARFM: (Alex, Silvio, Rodalles, Michel e Ronir)<\/p><p><strong>3\u00b0 LUGAR:<\/strong>\u00a0Afumepa: Felipe, Cristiano, Elisandro, Rodrigo e Andr\u00e9)<\/p><p><strong>4\u00b0 LUGAR:<\/strong>\u00a0HPC: (Roberto, Vinicius, Umberto, Fernando)<\/p><p><strong><u>\u00a0<\/u><\/strong><\/p><p><strong><u>XXIV &#8211; 2013 &#8211; Rio Grande (ARFM)<\/u><\/strong><\/p><p><strong>CAMPE\u00c3O:<\/strong>\u00a0ARFM (Alex, Silvio, Azevedo, Rodalles e Ronir)<\/p><p><strong>2\u00b0 LUGAR:<\/strong>\u00a0Academia (Mateus, Juarez, Pedrinho, Badia e Tiago)<\/p><p><strong>3\u00b0 LUGAR:<\/strong>\u00a0AFM Caxias (Chambinho, Vinicius, Cicero e Maciel)<\/p><p><strong>4\u00b0 LUGAR:<\/strong>\u00a0HPC (Vinicius, Roberto, Fernando, Marcos e Iran)<\/p><p><strong><u>\u00a0<\/u><\/strong><\/p><p><strong><u>XXIII &#8211; 2012 &#8211; Cangu\u00e7u (AABB\/CANGU\ufffdU)<\/u><\/strong><\/p><p><strong>CAMPE\u00c3O:<\/strong>\u00a0ARFM (Alex, Silvio, Michel, Ronir e Azevedo)<\/p><p><strong>2\u00b0 LUGAR:<\/strong>\u00a0ACADEMIA (Vinhas, Pedrinho, Badia, T. Pierobom e Juarez)<\/p><p><strong>3\u00b0 LUGAR:<\/strong>\u00a0AFM\/CAXIAS (Cristian, Renan, C\u00edcero, Chambinho e Maciel)<\/p><p><strong>4\u00b0 LUGAR:<\/strong>\u00a0APFM (Cepel, Aldyr, Charles, Joni e Saggiomo)<\/p><p><strong><u>\u00a0<\/u><\/strong><\/p><p><strong><u>XXII &#8211; 2011 &#8211; Porto Alegre (CMPA)<\/u><\/strong><\/p><p><strong>CAMPE\u00c3O:<\/strong>\u00a0ARFM (Alex, Duda, Michel, Alessandro e Jo\u00e3o Garima)<\/p><p><strong>2\u00b0 LUGAR:<\/strong>\u00a0Franzen (Careca, Pufal, L\u00e9o. Robin e Caju)<\/p><p><strong>3\u00b0 LUGAR:<\/strong>\u00a0Academia (Vinhas, Augusto, Osmar e Bruno)<\/p><p><strong>4\u00b0 LUGAR:<\/strong>\u00a0ABP (Ant\u00f4nio, Julinho, Gilson, Paim e Gilvani)<\/p><p><strong><u>\u00a0<\/u><\/strong><\/p><p><strong><u>XXI &#8211; 2010 &#8211; Pelotas (COP)<\/u><\/strong><\/p><p><strong>CAMPE\u00c3O:<\/strong>\u00a0Academia (Vinhas, Augusto, Mateus e Zilber)<\/p><p><strong>2\u00b0 LUGAR:<\/strong>\u00a0CMPA (Nilmar, Brand\u00e3o, Leandrinho e Paulo)<\/p><p><strong>3\u00b0 LUGAR:<\/strong>\u00a0Franzen (L\u00e9o, Careca, Pufal e Robin)<\/p><p><strong>4\u00b0 LUGAR:<\/strong>\u00a0APFM (Marquinho, \u00cdtalo, Edson, Charles e Piruka)<\/p><p><strong><u>\u00a0<\/u><\/strong><\/p><p><strong><u>XX &#8211; 2009 &#8211; Porto Alegre (Gr\u00eamio)<\/u><\/strong><\/p><p><strong>CAMPE\u00c3O:<\/strong>\u00a0Franzen (Careca, Robin, L\u00e9o, Diogo e Pufal)<\/p><p><strong>2\u00b0 LUGAR:<\/strong>\u00a0APFM (Piruka, J\u00falio, \u00cdtalo e Marquinho)<\/p><p><strong>3\u00b0 LUGAR:<\/strong>\u00a0CMPA<\/p><p><strong>4\u00b0 LUGAR:<\/strong>\u00a0AFUMEPA (Elisandro, Felipe, Leandro e S\u00e9rgio)<\/p><p><strong><u>\u00a0<\/u><\/strong><\/p><p><strong><u>XIX &#8211; 2008 &#8211; Passo Fundo (ABP)<\/u><\/strong><\/p><p><strong>CAMPE\u00c3O:<\/strong>\u00a0ARFM (Alex, Silvio, Duda, Alessandro e Maur\u00edcio)<\/p><p><strong>2\u00b0 LUGAR:<\/strong>\u00a0Academia (Vinhas, Pedrinho, Augusto e Tiago)<\/p><p><strong>3\u00b0 LUGAR:<\/strong>\u00a0Franzen (Careca, L\u00e9o, Robin, Pufal e Moreira)<\/p><p><strong>4\u00b0 LUGAR:<\/strong>\u00a0Riocell (Mallet, Diogo, Andr\u00e9 e Leandrinho)<\/p><p><strong><u>\u00a0<\/u><\/strong><\/p><p><strong><u>XVIII &#8211; 2007 &#8211; Pelotas (COP)<\/u><\/strong><\/p><p><strong>CAMPE\u00c3O:<\/strong>\u00a0Franzen (Careca, Robin, Moreira e Rogerio)<\/p><p><strong>2\u00b0 LUGAR:<\/strong>\u00a0ABP (Gilvani, Julinho, Paim e Aleixo)<\/p><p><strong>3\u00b0 LUGAR:<\/strong>\u00a0APFM<\/p><p><strong>4\u00b0 LUGAR:<\/strong>\u00a0Academia (Vinhas, Pedrinho, Zilber e Alexandre)<\/p><p><strong><u>\u00a0<\/u><\/strong><\/p><p><strong><u>XVII &#8211; 2006 &#8211; Porto Alegre (Franzen)<\/u><\/strong><\/p><p><strong>CAMPE\u00c3O:<\/strong>\u00a0ARFM (Alex, Silvio, Ronir e Ivan)<\/p><p><strong>2\u00b0 LUGAR:<\/strong>\u00a0COPA (Careca, Marcos, Robin e Cicero)<\/p><p><strong>3\u00b0 LUGAR:<\/strong>\u00a0Riocell (Mallet, Andr\u00e9, Diogo e Leandrinho)<\/p><p><strong>4\u00b0 LUGAR:<\/strong>\u00a0Franzen (Guido, Nilmar, Bruno e Thiago)<\/p><p><strong><u>\u00a0<\/u><\/strong><\/p><p><strong><u>XVI &#8211; 2005 &#8211; Pelotas (COP)<\/u><\/strong><\/p><p><strong>CAMPE\u00c3O:<\/strong>\u00a0AFUMERG<\/p><p><strong>2\u00b0 LUGAR:<\/strong>\u00a0Riocell<\/p><p><strong>3\u00b0 LUGAR:<\/strong>\u00a0APFM (Piruka, Charles, Augusto e Bruno)<\/p><p><strong>4\u00b0 LUGAR:<\/strong>\u00a0COP<\/p><p><strong><u>\u00a0<\/u><\/strong><\/p><p><strong><u>XV &#8211; 2004 &#8211; Porto Alegre (Gr\u00eamio)<\/u><\/strong><\/p><p><strong>CAMPE\u00c3O:<\/strong>\u00a0APFM (Victor, Piruka, Augusto e Bruno)<\/p><p><strong>2\u00b0 LUGAR:<\/strong>\u00a0Riocell<\/p><p><strong>3\u00b0 LUGAR:<\/strong>\u00a0AFUMERG<\/p><p><strong>4\u00b0 LUGAR:<\/strong>\u00a0Juventus<\/p><p><strong><u>\u00a0<\/u><\/strong><\/p><p><strong><u>XIV &#8211; 2003 &#8211; Pelotas<\/u><\/strong><\/p><p><strong>CAMPE\u00c3O:<\/strong>\u00a0AFUMERG (Cristian, Alex, Duda e Azevedo)<\/p><p><strong>2\u00b0 LUGAR:<\/strong>\u00a0APFM<\/p><p><strong>3\u00b0 LUGAR:<\/strong>\u00a0Academia (Vinhas, Osmar, Zilber e Pierobom)<\/p><p><strong>4\u00b0 LUGAR:<\/strong>\u00a0Gr\u00eamio (Gothe, Brand\u00e3o, M\u00e1rcio e Acu\u00f1a)<\/p><p><strong><u>\u00a0<\/u><\/strong><\/p><p><strong><u>XIII &#8211; 2002 &#8211; Porto Alegre<\/u><\/strong><\/p><p><strong>CAMPE\u00c3O:<\/strong>\u00a0Riocell (Mallet, Diogo, Andr\u00e9 e Leone)<\/p><p><strong>2\u00b0 LUGAR:<\/strong>\u00a0AFUMEPA (Andr\u00e9, Elisandro, Rodrigo e S\u00e9rgio)<\/p><p><strong>3\u00b0 LUGAR:<\/strong>\u00a0COP<\/p><p><strong>4\u00b0 LUGAR:<\/strong>\u00a0GEVI<\/p><p><strong><u>\u00a0<\/u><\/strong><\/p><p><strong><u>XII &#8211; 2001 &#8211; Porto Alegre<\/u><\/strong><\/p><p><strong>CAMPE\u00c3O:<\/strong>\u00a0AFUMERG (Cristian, Alex, Terrozo e Kibe)<\/p><p><strong>2\u00b0 LUGAR:<\/strong>\u00a0Academia (Osmar, Zilber, Vinhas e Tiago)<\/p><p><strong>3\u00b0 LUGAR:<\/strong>\u00a0Pol\u00f4nia (Giovanni, Sandro, Felipe e Fernando)<\/p><p><strong>4\u00b0 LUGAR:<\/strong>\u00a0APFM<\/p><p><strong><u>\u00a0<\/u><\/strong><\/p><p><strong><u>XI &#8211; 2000 &#8211; Bag\u00e9<\/u><\/strong><\/p><p><strong>CAMPE\u00c3O:<\/strong>\u00a0COP (Nilmar, Nilson, Victor e Moraes)<\/p><p><strong>2\u00b0 LUGAR:<\/strong>\u00a0APFM<\/p><p><strong>3\u00b0 LUGAR:<\/strong>\u00a0AFUMERG<\/p><p><strong>4\u00b0 LUGAR:<\/strong>\u00a0Riocell<\/p><p><strong><u>\u00a0<\/u><\/strong><\/p><p><strong><u>XX &#8211; 1999 &#8211; Gua\u00edba (Riocell)<\/u><\/strong><\/p><p><strong>CAMPE\u00c3O:<\/strong>\u00a0ASVFM<\/p><p><strong>2\u00b0 LUGAR:<\/strong>\u00a0COP<\/p><p><strong>3\u00b0 LUGAR:<\/strong>\u00a0ARFM<\/p><p><strong>4\u00b0 LUGAR:<\/strong>\u00a0AFUMERG<\/p><p><strong><u>\u00a0<\/u><\/strong><\/p><p><strong><u>IX &#8211; 1998 &#8211; Pelotas (COP)<\/u><\/strong><\/p><p><strong>CAMPE\u00c3O:<\/strong>\u00a0APFM (Bira, Carlos, Daniel e Marcelo)<\/p><p><strong>2\u00b0 LUGAR:<\/strong>\u00a0Academia (Malh\u00e3o, Michel, Pierobom e Alexandre)<\/p><p><strong>3\u00b0 LUGAR:<\/strong>\u00a0ARFM<\/p><p><strong>4\u00b0 LUGAR:<\/strong>\u00a0AFUMEPA (Cl\u00e1udio, Elias, Rodrigo e S\u00e9rgio)<\/p><p><strong><u>\u00a0<\/u><\/strong><\/p><p><strong><u>VIII &#8211; 1997 &#8211; Porto Alegre<\/u><\/strong><\/p><p><strong>CAMPE\u00c3O:<\/strong>\u00a0ASVFM<\/p><p><strong>2\u00b0 LUGAR:<\/strong>\u00a0APFM (Bira, Carlos, Said e Daniel)<\/p><p><strong>3\u00b0 LUGAR:<\/strong>\u00a0Riocell<\/p><p><strong>4\u00b0 LUGAR:<\/strong>\u00a0AFUMEPA<\/p><p><strong><u>\u00a0<\/u><\/strong><\/p><p><strong><u>VII &#8211; 1996 &#8211; Porto Alegre (GEVI)<\/u><\/strong><\/p><p><strong>CAMPE\u00c3O:<\/strong>\u00a0ASVFM (Guido, Robson, Mois\u00e9s e Cadio)<\/p><p><strong>2\u00b0 LUGAR:<\/strong>\u00a0APFM (Osmar, Alexandre, Aldyr e Zilber)<\/p><p><strong>3\u00b0 LUGAR:<\/strong>\u00a0ARFM (Jeferson, Alex, Anderson e Alessandro)<\/p><p><strong>4\u00b0 LUGAR:<\/strong>\u00a0AFUMEPA (Vladimir, Emerson, Giovanni e Elisandro)<\/p><p><strong><u>\u00a0<\/u><\/strong><\/p><p><strong><u>VI &#8211; 1995 &#8211; Cangu\u00e7u (ACFM)<\/u><\/strong><\/p><p><strong>CAMPE\u00c3O:<\/strong>\u00a0COP<\/p><p><strong>2\u00b0 LUGAR:<\/strong>\u00a0AFUMEPA<\/p><p><strong>3\u00b0 LUGAR:<\/strong>\u00a0S.C. Rio Grande<\/p><p><strong>4\u00b0 LUGAR:<\/strong>\u00a0Riocell<\/p><p><strong><u>\u00a0<\/u><\/strong><\/p><p><strong><u>V &#8211; 1994 &#8211; Bag\u00e9<\/u><\/strong><\/p><p><strong>CAMPE\u00c3O:<\/strong>\u00a0S.C. Rio Grande (Cristian, Juarez, Duda e Casquete)<\/p><p><strong>2\u00b0 LUGAR:<\/strong>\u00a0APFM<\/p><p><strong>3\u00b0 LUGAR:<\/strong>\u00a0COP<\/p><p><strong>4\u00b0 LUGAR:<\/strong>\u00a0ASVFM<\/p><p><strong><u>\u00a0<\/u><\/strong><\/p><p><strong><u>IV &#8211; 1993 &#8211; Pelotas<\/u><\/strong><\/p><p><strong>CAMPE\u00c3O:<\/strong>\u00a0APFM<\/p><p><strong>2\u00b0 LUGAR:<\/strong>\u00a0COP<\/p><p><strong>3\u00b0 LUGAR:<\/strong>\u00a0AFUMEPA<\/p><p><strong>4\u00b0 LUGAR:<\/strong>\u00a0ASVFM<\/p><p><strong><u>\u00a0<\/u><\/strong><\/p><p><strong><u>III &#8211; 1992 &#8211; Passo Fundo (ABP)<\/u><\/strong><\/p><p><strong>CAMPE\u00c3O:<\/strong>\u00a0APFM (Osmar, Alexandre, Lu\u00eds Fernando e Figueira)<\/p><p><strong>2\u00b0 LUGAR:<\/strong>\u00a0COP<\/p><p><strong>3\u00b0 LUGAR:<\/strong>\u00a0AFUMEPA<\/p><p><strong>4\u00b0 LUGAR:<\/strong>\u00a0ASVFM<\/p><p><strong><u>\u00a0<\/u><\/strong><\/p><p><strong><u>II &#8211; 1991 &#8211; Pelotas<\/u><\/strong><\/p><p><strong>CAMPE\u00c3O:<\/strong>\u00a0AFUMEPA (Cl\u00e1udio, Cesar, Breno e Francisco)<\/p><p><strong>2\u00b0 LUGAR:<\/strong>\u00a0AFUMERG<\/p><p><strong>3\u00b0 LUGAR:<\/strong>\u00a0S.C. Rio Grande<\/p><p><strong>4\u00b0 LUGAR:<\/strong>\u00a0APFM<\/p><p><strong><u>\u00a0<\/u><\/strong><\/p><p><strong><u>I &#8211; 1990 &#8211; Santa Vit\u00f3ria (ASVFM)<\/u><\/strong><\/p><p><strong>CAMPE\u00c3O:<\/strong>\u00a0AFUMEPA (Cl\u00e1udio, C\u00e9sar, Leandro e Vladimir)<\/p><p><strong>2\u00b0 LUGAR:<\/strong>\u00a0S.C. Rio Grande<\/p><p><strong>3\u00b0 LUGAR:<\/strong>\u00a0COP<\/p><p><strong>4\u00b0 LUGAR:<\/strong>\u00a0ASVFM<\/p>\t\t\t\t\t\t<\/div>\n\t\t\t\t<\/div>\n\t\t\t\t\t<\/div>\n\t\t<\/div>\n\t\t\t\t<div class=\"elementor-column elementor-col-33 elementor-top-column elementor-element elementor-element-c34e48e\" data-id=\"c34e48e\" data-element_type=\"column\">\n\t\t\t<div class=\"elementor-widget-wrap\">\n\t\t\t\t\t\t\t<\/div>\n\t\t<\/div>\n\t\t\t\t\t<\/div>\n\t\t<\/section>\n\t\t\t\t<section class=\"elementor-section elementor-top-section elementor-element elementor-element-ad589e5 elementor-section-boxed elementor-section-height-default elementor-section-height-default\" data-id=\"ad589e5\" data-element_type=\"section\">\n\t\t\t\t\t\t<div class=\"elementor-container elementor-column-gap-default\">\n\t\t\t\t\t<div class=\"elementor-column elementor-col-33 elementor-top-column elementor-element elementor-element-77878eae\" data-id=\"77878eae\" data-element_type=\"column\">\n\t\t\t<div class=\"elementor-widget-wrap\">\n\t\t\t\t\t\t\t<\/div>\n\t\t<\/div>\n\t\t\t\t<div class=\"elementor-column elementor-col-33 elementor-top-column elementor-element elementor-element-376893f1\" data-id=\"376893f1\" data-element_type=\"column\">\n\t\t\t<div class=\"elementor-widget-wrap elementor-element-populated\">\n\t\t\t\t\t\t<div class=\"elementor-element elementor-element-5ab3bf90 elementor-widget elementor-widget-html\" data-id=\"5ab3bf90\" data-element_type=\"widget\" data-widget_type=\"html.default\">\n\t\t\t\t<div class=\"elementor-widget-container\">\n\t\t\t<html>\n<body>\n<form> \n<input type=\"button\" value=\"Voltar\" onClick=\"history.go(-1)\"> \n<\/form>\n<\/body> \n<\/html>\t\t<\/div>\n\t\t\t\t<\/div>\n\t\t\t\t\t<\/div>\n\t\t<\/div>\n\t\t\t\t<div class=\"elementor-column elementor-col-33 elementor-top-column elementor-element elementor-element-5b28aa20\" data-id=\"5b28aa20\" data-element_type=\"column\">\n\t\t\t<div class=\"elementor-widget-wrap\">\n\t\t\t\t\t\t\t<\/div>\n\t\t<\/div>\n\t\t\t\t\t<\/div>\n\t\t<\/section>\n\t\t\t\t<\/div>\n\t\t","protected":false},"excerpt":{"rendered":"<p>Campeonato Estadual por Equipes Regra 1 Toque &#8211; Cavado XXXIV\u2013 2025 \u2013 Pelotas\/RS \u2013 COP CAMPE\u00c3O: AFUMERG(Cristian, Vav\u00e1, Sandro Nadyr e \u00cdndio) 2\u00b0 LUGAR:\u00a0ARENA A GOL(Maur\u00edcio Rosa, Diego Luz, Kinka e Felipe Rosa) 3\u00b0 LUGAR:\u00a0AFUMEPA(Rodrigo, Andr\u00e9, Pedro e Padilha) 4\u00b0 LUGAR:\u00a0ACADEMIA(Bauer, Bill e Augusto) XXXIII\u2013 2024 \u2013 Porto Alegre\/RS \u2013<\/p>\n","protected":false},"author":1,"featured_media":0,"parent":0,"menu_order":0,"comment_status":"closed","ping_status":"closed","template":"elementor_header_footer","meta":{"footnotes":""},"class_list":["post-1219","page","type-page","status-publish","hentry"],"_links":{"self":[{"href":"https:\/\/fgfm.com.br\/fgfm\/wp-json\/wp\/v2\/pages\/1219","targetHints":{"allow":["GET"]}}],"collection":[{"href":"https:\/\/fgfm.com.br\/fgfm\/wp-json\/wp\/v2\/pages"}],"about":[{"href":"https:\/\/fgfm.com.br\/fgfm\/wp-json\/wp\/v2\/types\/page"}],"author":[{"embeddable":true,"href":"https:\/\/fgfm.com.br\/fgfm\/wp-json\/wp\/v2\/users\/1"}],"replies":[{"embeddable":true,"href":"https:\/\/fgfm.com.br\/fgfm\/wp-json\/wp\/v2\/comments?post=1219"}],"version-history":[{"count":31,"href":"https:\/\/fgfm.com.br\/fgfm\/wp-json\/wp\/v2\/pages\/1219\/revisions"}],"predecessor-version":[{"id":4767,"href":"https:\/\/fgfm.com.br\/fgfm\/wp-json\/wp\/v2\/pages\/1219\/revisions\/4767"}],"wp:attachment":[{"href":"https:\/\/fgfm.com.br\/fgfm\/wp-json\/wp\/v2\/media?parent=1219"}],"curies":[{"name":"wp","href":"https:\/\/api.w.org\/{rel}","templated":true}]}}